late the remainder when 14242 is divided by 30.
22
Calculate the remainder when 83021 is divided by 1091.
105
Calculate the remainder when 608234 is divided by 1163.
1148
What is the remainder when 846714 is divided by 5?
4
Calculate the remainder when 36761 is divided by 97.
95
What is the remainder when 31987 is divided by 164?
7
Calculate the remainder when 29077 is divided by 10.
7
Calculate the remainder when 1163 is divided by 225.
38
What is the remainder when 189909 is divided by 12?
9
Calculate the remainder when 30419 is divided by 119.
74
Calculate the remainder when 12563 is divided by 2509.
18
Calculate the remainder when 162058 is divided by 3857.
64
Calculate the remainder when 68989 is divided by 22995.
4
What is the remainder when 20088 is divided by 53?
1
Calculate the remainder when 2295 is divided by 383.
380
What is the remainder when 838 is divided by 97?
62
What is the remainder when 940796 is divided by 387?
386
Calculate the remainder when 56434 is divided by 187.
147
What is the remainder when 833 is divided by 24?
17
Calculate the remainder when 3193 is divided by 97.
89
What is the remainder when 999891 is divided by 106?
99
What is the remainder when 2343 is divided by 221?
133
Calculate the remainder when 641 is divided by 249.
143
Calculate the remainder when 1445062 is divided by 453.
445
Calculate the remainder when 13654 is divided by 1241.
3
What is the remainder when 535 is divided by 93?
70
What is the remainder when 9116 is divided by 294?
2
Calculate the remainder when 141114 is divided by 15.
9
What is the remainder when 816 is divided by 105?
81
Calculate the remainder when 32339 is divided by 27.
20
What is the remainder when 150081 is divided by 1305?
6
What is the remainder when 2626 is divided by 1311?
4
Calculate the remainder when 132783 is divided by 132739.
44
What is the remainder when 3601 is divided by 165?
136
Calculate the remainder when 181068 is divided by 5.
3
Calculate the remainder when 347 is divided by 218.
129
What is the remainder when 3249482 is divided by 28?
26
Calculate the remainder when 3010 is divided by 69.
43
Calculate the remainder when 55332 is divided by 105.
102
Calculate the remainder when 1156 is divided by 81.
22
Calculate the remainder when 3247 is divided by 6.
1
What is the remainder when 61751 is divided by 372?
371
What is the remainder when 1066 is divided by 461?
144
What is the remainder when 9472 is divided by 42?
22
Calculate the remainder when 745 is divided by 129.
100
What is the remainder when 266 is divided by 215?
51
What is the remainder when 20183 is divided by 20174?
9
What is the remainder when 266595 is divided by 53317?
10
Calculate the remainder when 50989 is divided by 14.
1
Calculate the remainder when 27842 is divided by 568.
10
Calculate the remainder when 5886 is divided by 453.
450
What is the remainder when 105496 is divided by 127?
86
What is the remainder when 10333 is divided by 40?
13
What is the remainder when 3276 is divided by 1299?
678
Calculate the remainder when 665 is divided by 397.
268
What is the remainder when 53221 is divided by 348?
325
What is the remainder when 12564 is divided by 56?
20
What is the remainder when 1120730 is divided by 34?
22
What is the remainder when 1715 is divided by 498?
221
What is the remainder when 119684 is divided by 79?
78
What is the remainder when 1869 is divided by 619?
12
What is the remainder when 10020 is divided by 3336?
12
What is the remainder when 27802 is divided by 27324?
478
What is the remainder when 14478 is divided by 1313?
35
What is the remainder when 87498 is divided by 50?
48
What is the remainder when 463304 is divided by 83?
81
Calculate the remainder when 131101 is divided by 3543.
10
What is the remainder when 15297 is divided by 26?
9
Calculate the remainder when 53501 is divided by 42.
35
Calculate the remainder when 1026310 is divided by 11.
10
Calculate the remainder when 3546 is divided by 184.
50
What is the remainder when 2484 is divided by 257?
171
What is the remainder when 1710 is divided by 565?
15
Calculate the remainder when 1501 is divided by 79.
0
Calculate the remainder when 157 is divided by 6.
1
What is the remainder when 560 is divided by 117?
92
What is the remainder when 41355 is divided by 80?
75
Calculate the remainder when 7830 is divided by 270.
0
What is the remainder when 236701 is divided by 32?
29
What is the remainder when 2305527 is divided by 15?
12
What is the remainder when 18792 is divided by 1341?
18
What is the remainder when 497 is divided by 55?
2
Calculate the remainder when 416862 is divided by 19.
2
What is the remainder when 2571 is divided by 144?
123
Calculate the remainder when 18526 is divided by 97.
96
What is the remainder when 7962 is divided by 7955?
7
What is the remainder when 2289 is divided by 246?
75
What is the remainder when 136748 is divided by 22790?
8
What is the remainder when 8871 is divided by 2952?
15
What is the remainder when 135289 is divided by 435?
4
What is the remainder when 2957 is divided by 2552?
405
What is the remainder when 135613 is divided by 717?
100
Calculate the remainder when 5281 is divided by 443.
408
Calculate the remainder when 792 is divided by 42.
36
Calculate the remainder when 5627 is divided by 312.
11
Calculate the remainder when 6196 is divided by 17.
8
What is the remainder when 17347 is divided by 66?
55
Calculate the remainder when 150489 is divided by 149.
148
Calculate the remainder when 749077 is divided by 187269.
1
What is the remainder when 4833 is divided by 18?
9
What is the remainder when 180326 is divided by 154?
146
Calculate the remainder when 89272 is divided by 67.
28
Calculate the remainder when 683 is divided by 538.
145
Calculate the remainder when 2089 is divided by 10.
9
Calculate the remainder when 6172 is divided by 1299.
976
Calculate the remainder when 2424 is divided by 60.
24
Calculate the remainder when 72575 is divided by 18133.
43
What is the remainder when 4839 is divided by 33?
21
What is the remainder when 18974 is divided by 641?
385
Calculate the remainder when 56395 is divided by 120.
115
Calculate the remainder when 9827 is divided by 134.
45
Calculate the remainder when 5724 is divided by 470.
84
Calculate the remainder when 31933 is divided by 793.
213
Calculate the remainder when 304432 is divided by 708.
700
What is the remainder when 75720 is divided by 18928?
8
Calculate the remainder when 1587 is divided by 511.
54
What is the remainder when 27236 is divided by 124?
80
Calculate the remainder when 19102 is divided by 1257.
247
What is the remainder when 740876 is divided by 784?
780
What is the remainder when 2552 is divided by 2527?
25
What is the remainder when 2285 is divided by 594?
503
Calculate the remainder when 200780 is divided by 104.
60
What is the remainder when 396580 is divided by 3224?
28
What is the remainder when 275452 is divided by 32?
28
What is the remainder when 309228 is divided by 30?
18
What is the remainder when 6699 is divided by 2810?
1079
Calculate the remainder when 7477 is divided by 17.
14
What is the remainder when 9868 is divided by 735?
313
What is the remainder when 5470 is divided by 155?
45
Calculate the remainder when 15416 is divided by 440.
16
Calculate the remainder when 7754 is divided by 92.
26
What is the remainder when 2329 is divided by 162?
61
Calculate the remainder when 23439 is divided by 119.
115
Calculate the remainder when 18113 is divided by 635.
333
Calculate the remainder when 414519 is divided by 172.
171
Calculate the remainder when 3050 is divided by 752.
42
What is the remainder when 2121 is divided by 438?
369
What is the remainder when 699354 is divided by 1604?
10
Calculate the remainder when 21248 is divided by 33.
29
What is the remainder when 13430 is divided by 68?
34
Calculate the remainder when 9235 is divided by 1010.
145
What is the remainder when 292895 is divided by 2615?
15
What is the remainder when 15143 is divided by 153?
149
Calculate the remainder when 255836 is divided by 401.
399
What is the remainder when 9198 is divided by 1836?
18
Calculate the remainder when 51196 is divided by 256.
252
Calculate the remainder when 1163 is divided by 151.
1